70 - 30 = o. What is the highest common divisor of m and b?
20
Suppose 5*p = 100*p + 1900. Let u = -61 + 101. Let r = p + u. Calculate the highest common factor of r and 5.
5
Let y = 93 + 3. Suppose y = 3*j + 5*w, -69 = 2*j - 4*j - 5*w. Calculate the highest common factor of j and 216.
27
Let f(t) = 13*t - 36. Let h be f(4). Let a be (-1)/(-4) - 2349/36 - 3. Let x = a + 100. What is the greatest common divisor of x and h?
16
Let m be 12/(-10)*(-20)/(-6). Let d(o) = 3*o**2 - 4. Let k be d(m). What is the greatest common divisor of 110 and k?
22
Let y(p) = p**3 + p - 1. Let t(g) = -6*g**3 - 23*g**2 + 5*g + 52. Let c(b) = -t(b) - 5*y(b). Let a be c(-22). Calculate the highest common factor of 9 and a.
9
Let q be ((-36)/10)/(4/(-40)). Let g be (5 - 0) + (-1)/((-5)/1810). Let x = g + -331. What is the highest common divisor of x and q?
36
Suppose -218*p + 71080 = 37608 - 77272. Calculate the highest common factor of p and 12.
4
Let u = -11302 + 11308. Suppose -3*g + 5 = -25. Calculate the highest common divisor of g and u.
2
Suppose 3*d + 2*u - 78 = 0, 5*u - 58 + 185 = 4*d. Let o = -753153 + 753181. Calculate the highest common factor of d and o.
28
Let p be 187 + -164 + 1*7. What is the greatest common factor of p and 54?
6
Suppose -32*j + 16535 = -1769. Calculate the highest common factor of 132 and j.
44
Suppose -35*d - 38*d + 598 = -47*d. Calculate the highest common divisor of d and 4577.
23
Let d = 30 - 28. Suppose d*k - 64 = -2*k. Suppose 0 = 8*b - 5*b - 4*i - 8, -3*b + 3*i + 9 = 0. What is the greatest common divisor of k and b?
4
Let j be (-2 + -9)*(17 + -18). Let g be j/77 - 474/(-14). What is the highest common factor of 374 and g?
34
Let l = 1944 + -1826. What is the highest common divisor of l and 11328?
118
Let r = 0 - -1. Suppose 0 = 9*s - 4*s - 25*s - 60. Let d be s/r + (-2 - -18). Calculate the greatest common divisor of d and 52.
13
Let h be 5/2*(-11772)/(-545). Calculate the highest common factor of h and 18.
18
Let x = 4333 + -3448. What is the highest common divisor of 30 and x?
15
Suppose -3*y - 1021 = 431. Let g be (-45)/2*y/33. What is the greatest common factor of g and 66?
66
Suppose 2*j + 572 = 4*u + 178, 0 = -6*j - 66. Let c = -197 + 321. What is the highest common divisor of c and u?
31
Let y be 8 - -1051 - 0 - (-1 + (-8)/4). What is the greatest common factor of y and 18?
18
Let u be (-60)/(-165) - 17313/(-33). What is the highest common factor of 150 and u?
75
Suppose 6*h + 98 = -8*h. Let d(a) = -8*a - 54. Let s be d(h). Let j(l) = 2*l**2 + l + 1. Let t be j(-2). What is the highest common divisor of t and s?
1
Let h be ((-1)/(-11)*12)/((-78)/(-429)). Suppose 6*u - u = -3*l + 81, -108 = -4*l - 4*u. What is the highest common factor of l and h?
3
Suppose -20*q = -24877 - 19283. What is the highest common divisor of q and 414?
138
Suppose -6*f + 725 - 233 = 0. Let d = f + -33. Suppose 0 = d*u - 53*u + 468. Calculate the highest common divisor of 13 and u.
13
Let o(z) = 82*z**2 + 23*z - 21. Let a be o(1). What is the highest common factor of 5908 and a?
28
Let l = 11 - 5. Let b(d) = 181*d**3 + 194*d**2 - 8*d - 1. Let t be b(-1). Calculate the highest common divisor of t and l.
2
Let x = 7606 - 7334. What is the highest common divisor of x and 368?
16
Let g be (63/(-6))/(((-9)/(-165))/(72/(-180))). Calculate the greatest common divisor of g and 1631.
7
Let t(x) = 46*x - 11. Let j be t(-11). Let k = -270 - j. Calculate the highest common divisor of 26 and k.
13
Let w be (-2112)/1760 - 2981/(-5). Calculate the highest common factor of 4403 and w.
119
Let h(g) = -g - 1. Let s be h(-12). Let j = 7610 + -7533. What is the greatest common divisor of j and s?
11
Let a = -3862 - -3865. Calculate the greatest common divisor of a and 1623.
3
Suppose -345 = 2*c + g, -c + 4*c - 5*g + 511 = 0. Suppose -62*m = -14*m - 15936. Let n = c + m. Calculate the greatest common factor of 64 and n.
32
Suppose -32*s + 2998 + 8016 = 6. Suppose 5*h + 59 = g - 9, 0 = 5*g - 4*h - 235. Calculate the highest common factor of g and s.
43
Suppose -7*u + 130 = 3*t, t - 3*u + 45 = 19. Let c(m) = 24*m**2 + 2*m + 1. Let h be c(5). What is the greatest common factor of h and t?
13
Let p(k) = k**3 + 14*k**2 - 2*k - 24. Let r be p(-14). Suppose 0 = -r*a + 3*l + 450, l + 343 = 3*a - 4*l. What is the highest common divisor of 185 and a?
37
Suppose -903 = -4*n - v, -4*n = 5*v - 834 - 81. Calculate the greatest common divisor of 4575 and n.
75
Suppose 2680 = 21*t - 19*t. Suppose -22*h + 27*h - 3296 = u, 0 = 2*h + 5*u - t. What is the greatest common divisor of 20 and h?
20
Let l(p) be the first derivative of -p**3/3 + 24*p**2 - 119*p + 42. Let s be l(29). What is the greatest common divisor of s and 54?
54
Suppose -k - l - 844 = -6*k, -4*l = -k + 184. Let g(n) = 105*n - 923. Let s be g(8). Let d = k + s. Calculate the highest common factor of d and 17.
17
Let p(x) = 3*x**3 - 19*x**2 + 41*x + 30. Let w be p(6). What is the greatest common divisor of w and 11320?
40
Suppose 0 = 15*x - 65 + 5. Suppose o = 2*d + 13 - 29, -x*o + 17 = d. What is the greatest common divisor of d and 423?
9
Let p = -35 - -25. Let o = 30 + p. Suppose 3*v - o = -v. What is the highest common factor of 20 and v?
5
Suppose w + w + 12 = 0. Let f = -199 - -210. Let y = w + f. What is the greatest common divisor of y and 1?
1
Let g be ((-1040)/(-100))/((-6)/(-15)). Let h = 3357 - 1823. Calculate the greatest common factor of h and g.
26
Let t be 239483/(-426) - 1/(-6). Let b = t - -577. Calculate the highest common divisor of b and 80.
5
Let w = -728 - -748. What is the greatest common factor of w and 9460?
20
Let j(f) = -22*f + 93. Let m be j(-24). Let r = m - 253. Calculate the highest common factor of r and 16.
16
Let m(w) = 0*w**2 - w**3 + w + w**2 - 39 - 26 + 89. Let u = -21 + 21. Let q be m(u). What is the highest common divisor of 24 and q?
24
Suppose 91*s - 87*s - 44 = 0. Let v be 1373/5 - 2/(-5). Calculate the highest common factor of v and s.
11
Suppose 0 = -6*u + u + 20. Suppose -28 = -i - u. Let h be (72/(-14))/((-13)/91). What is the greatest common divisor of h and i?
12
Suppose 10*i = 11*i + 8. Let t be 27/4 - ((-42)/i)/7. Let v be (t - 2/1) + 28. Calculate the greatest common divisor of v and 4.
4
Suppose 4*l + 35 = 167. Let q be (1/7*(-1400)/1200)/((-4)/7656). Calculate the greatest common divisor of q and l.
11
Let u be (57/2)/((-3)/(-4)). Suppose 495 = -195*k + 200*k - 360. Calculate the greatest common divisor of k and u.
19
Let t(r) = -15*r - 2. Let s be t(-6). Let c = s - 55. Suppose -2*k - 146 = -3*u, u - 4*k = -6 + 78. Calculate the greatest common factor of c and u.
11
Let w(g) = -64*g**3 - 4*g**2 - 3*g. Let n(r) = 3*r**2 + 64*r + 20. Let u be n(-21). Let x be w(u). Calculate the greatest common divisor of 18 and x.
9
Let x = -1998 + 2001. Let b = 83 + -35. Calculate the highest common factor of x and b.
3
Let k = -9050 - -9340. What is the highest common factor of 310 and k?
10
Suppose 1271*n = 1282*n - 22. What is the highest common factor of 1354 and n?
2
Suppose -23*f - 7*f + 1092 = 9*f. What is the greatest common factor of 686 and f?
14
Let w(m) = -634*m + 5730. Let f be w(9). Calculate the greatest common factor of 556 and f.
4
Suppose 4734 - 3582 = 12*t. What is the highest common factor of 258 and t?
6
Suppose -2*y + 4*g + 6593 + 805 = 0, 5*y - 18455 = 2*g. What is the greatest common factor of y and 238?
119
Let l(f) = -8*f + 20. Let k be l(-8). Suppose -8*t + t = -k. Suppose 0 = -i - 2*h + 2 + 22, 2*h - 72 = -3*i. Calculate the greatest common factor of t and i.
12
Let r(b) = -2*b**2 + 145*b - 242. Let t be r(70). Calculate the highest common divisor of 2133 and t.
27
Suppose -9*g - 3 = -111. Suppose -624 = -k - 3*k. What is the greatest common divisor of g and k?
12
Let y(d) = 486*d**2 - 237*d - 2243. Let h be y(-10). Calculate the greatest common divisor of 7 and h.
7
Let w(p) = p**3 + 58*p**2 + 66*p - 1. Let y be w(-54). What is the highest common divisor of 91 and y?
91
Let i(j) = -25*j**2 - 2350*j + 9. Let w be i(-94). What is the greatest common divisor of 117 and w?
9
Let q be -4 - 8/(32/(-516)). Suppose -83 + q = 2*z. Calculate the highest common factor of z and 91.
7
Suppose 0 = 6122*b - 6131*b + 30240. Calculate the greatest common factor of b an